{"id":219,"date":"2016-04-28T08:37:56","date_gmt":"2016-04-28T08:37:56","guid":{"rendered":"https:\/\/mariachius.com\/?page_id=219"},"modified":"2016-12-16T07:09:44","modified_gmt":"2016-12-16T07:09:44","slug":"repertorio","status":"publish","type":"page","link":"https:\/\/mariachius.com\/?page_id=219","title":{"rendered":"Repertorio"},"content":{"rendered":"<p><strong>Contamos con un extenso repertorio ideal para cada ocasi\u00f3n. A continuaci\u00f3n le hacemos menci\u00f3n algunas canciones<\/strong><\/p>\n<p><strong>que est\u00e1n dentro de nuestro amplio repertorio:<\/strong><\/p>\n<h3 class=\"widget-title\">A<\/h3>\n<p>\u2022 A MI MANERA<br \/>\n\u2022 A PESAR DE TODO<br \/>\n\u2022 ACA ENTRE NOS<br \/>\n\u2022 AIRES DEL MAYAB<br \/>\n\u2022 ALEJANDRA<br \/>\n\u2022 ALBUR DE AMOR<br \/>\n\u2022 ALLA EN EL RANCHO GRANDE<br \/>\n\u2022 ALMA DE ACERO<br \/>\n\u2022 AMANECI EN TUS BRAZOS<br \/>\n\u2022 AMEMONOS<br \/>\n\u2022 AMOR ETERNO<br \/>\n\u2022 AMOR MIO<br \/>\n\u2022 AMORCITO CORAZON<br \/>\n\u2022 ANILLO DE COMPROMISO<br \/>\n\u2022 ANIMAS QUE NO AMANEZCA<br \/>\n\u2022 AQUELLOS OJOS VERDES<br \/>\n\u2022 ARRULLO DE DIOS<br \/>\n\u2022 ASI<br \/>\n\u2022 AY JALISCO NO TE RAJES<\/p>\n<h3 class=\"widget-title\">B<\/h3>\n<p>\u2022 BAJO EL CIELO DE CHIHUAHUA<br \/>\n\u2022 BESAME MUCHO<br \/>\n\u2022 BOHEMIO DE AFICION<br \/>\n\u2022 BONITA<\/p>\n<h3 class=\"widget-title\">C<\/h3>\n<p>\u2022 CABALLO PRIETO AZABACHE<br \/>\n\u2022 CAMARON PELAO<br \/>\n\u2022 CAMINO REAL DE COLIMA<br \/>\n\u2022 CAMINO DE GUANAJUATO<br \/>\n\u2022 CAMINOS DE MICHOACAN<br \/>\n\u2022 CANCION MIXTECA<br \/>\n\u2022 CANTINERO<br \/>\n\u2022 CARI\u00d1O NUEVO<br \/>\n\u2022 CARI\u00d1O VERDAD<br \/>\n\u2022 CARTAS MARCADAS<br \/>\n\u2022 CHEQUE EN BLANCO<br \/>\n\u2022 CIELITO LINDO<br \/>\n\u2022 CIELO ROJO<br \/>\n\u2022 CIEN A\u00d1OS<br \/>\n\u2022 COCULA<br \/>\n\u2022 COLLAR DE PERLAS<br \/>\n\u2022 COMO FUE<br \/>\n\u2022 COMO HAN PASADO LOS A\u00d1OS<br \/>\n\u2022 COMO QUIEN PIERDE UNA ESTRELLA<br \/>\n\u2022 CONSENTIDA<br \/>\n\u2022 CONTIGO APRENDI<br \/>\n\u2022 CONTRABANDO Y TRAICION<br \/>\n\u2022 CORAZON, CORAZON<br \/>\n\u2022 COSTUMBRES<br \/>\n\u2022 CREI<br \/>\n\u2022 CRUZ DE OLVIDO<br \/>\n\u2022 CU CU CU RU CU PALOMA<br \/>\n\u2022 CUANDO DOS ALMAS<br \/>\n\u2022 CUANDO EL DESTINO<br \/>\n\u2022 CUANDO VIVAS CONMIGO<br \/>\n\u2022 CUANDO YO TENIA TU EDAD<br \/>\n\u2022 CUATRO CAMINOS<br \/>\n\u2022 CUATRO VELAS<br \/>\n\u2022 CUATRO VIDAS<br \/>\n\u2022 CUANDO YO QUERIA SER GRANDE<\/p>\n<h3 class=\"widget-title\">D<\/h3>\n<p>\u2022 DE QUE MANERA TE OLVIDO<br \/>\n\u2022 DE TORREON A LERDO<br \/>\n\u2022 DEJA QUE SALGA LA LUNA<br \/>\n\u2022 DEJAME LLORAR<br \/>\n\u2022 DESDEN<br \/>\n\u2022 DESPIERTA<br \/>\n\u2022 DIOS NUNCA MUERE<br \/>\n\u2022 DOLOR<br \/>\n\u2022 DOS ARBOLITOS<\/p>\n<h3 class=\"widget-title\">E<\/h3>\n<p>\u2022 ECHAME A MI LA CULPA<br \/>\n\u2022 EL ANDARIEGO<br \/>\n\u2022 EL AUSENTE<br \/>\n\u2022 EL AUTLENSE<br \/>\n\u2022 EL AVENTURERO<br \/>\n\u2022 EL BARRILITO<br \/>\n\u2022 EL CANTADOR<br \/>\n\u2022 EL CABALLO BLANCO<br \/>\n\u2022 EL CAPULINERO<br \/>\n\u2022 EL CARRETERO<br \/>\n\u2022 EL CHUBASCO<br \/>\n\u2022 EL CORRIDO DE CHIHUAHUA<br \/>\n\u2022 EL CORRIDO DE MONTERREY<br \/>\n\u2022 EL CUATRO<br \/>\n\u2022 EL DOS NEGRO<br \/>\n\u2022 EL GARABATO<br \/>\n\u2022 EL GAVILANCILLO<br \/>\n\u2022 EL GUSTO<br \/>\n\u2022 EL HERRADERO<br \/>\n\u2022 EL HIJO DEL PUEBLO<br \/>\n\u2022 EL HIJO DESOBEDIENTE<br \/>\n\u2022 EL JINETE<br \/>\n\u2022 EL LOCO<br \/>\n\u2022 EL MARIACHI LOCO<br \/>\n\u2022 EL MIL AMORES<br \/>\n\u2022 EL MILAGRO DE TUS OJOS<br \/>\n\u2022 EL MORO DE COMPAS<br \/>\n\u2022 EL MUCHACHO ALEGRE<br \/>\n\u2022 EL NI\u00d1O PERDIDO<br \/>\n\u2022 EL PALMERO<br \/>\n\u2022 EL PASTOR<br \/>\n\u2022 EL PERRO NEGRO<br \/>\n\u2022 EL PIPIRIPAU<br \/>\n\u2022 EL POTRO LOBO GATEADO<br \/>\n\u2022 EL QUELITE<br \/>\n\u2022 EL QUERREQUE<br \/>\n\u2022 EL RELOJ<br \/>\n\u2022 EL REY<br \/>\n\u2022 EL SAUCE Y LA PALMA<br \/>\n\u2022 EL SE\u00d1OR DE LAS CANAS<br \/>\n\u2022 EL SIETE LEGUAS<br \/>\n\u2022 EL SIETE MARES<br \/>\n\u2022 EL SIHUALTECO<br \/>\n\u2022 EL SINALOENSE<br \/>\n\u2022 EL SON DE LA NEGRA<br \/>\n\u2022 EL SON DE LOS AGUACATES<br \/>\n\u2022 EL TAPATIO<br \/>\n\u2022 EL TIRADOR<br \/>\n\u2022 EL ZOPILOTE MOJADO<br \/>\n\u2022 EL TORO VIEJO<br \/>\n\u2022 ELLA<br \/>\n\u2022 ELLA VOLVIO<br \/>\n\u2022 EN EL ULTIMO TRAGO<br \/>\n\u2022 EN MI VIEJO SAN JUAN<br \/>\n\u2022 EN TU DIA<br \/>\n\u2022 EN TU PELO<br \/>\n\u2022 ENTREGA TOTAL<br \/>\n\u2022 ESCLAVO Y AMO<br \/>\n\u2022 ESPOSA<br \/>\n\u2022 ESTA TRISTEZA MIA<br \/>\n\u2022 ETERNAMENTE<\/p>\n<h3 class=\"widget-title\">F<\/h3>\n<p>\u2022 FALLASTE CORAZON<br \/>\n\u2022 FLOR DE AZALEA<br \/>\n\u2022 FLORES NEGRAS<\/p>\n<h3 class=\"widget-title\">G<\/h3>\n<p>\u2022 GABINO BARRERA<br \/>\n\u2022 GEMA<br \/>\n\u2022 GUADALAJARA<br \/>\n\u2022 GUANTANAMERA<\/p>\n<h3 class=\"widget-title\">H<\/h3>\n<p>\u2022 HASTA QUE TE CONOCI<br \/>\n\u2022 HAY UNOS OJOS<br \/>\n\u2022 HERMOSO CARI\u00d1O<br \/>\n\u2022 HILOS DE PLATA<br \/>\n\u2022 HONOR Y GLORIA<br \/>\n\u2022 HUAPANGO TORERO<\/p>\n<h3 class=\"widget-title\">J<\/h3>\n<p>\u2022 JESUSITA EN CHIHUAHUA<br \/>\n\u2022 JUAREZ<br \/>\n\u2022 JUAN CHARRASQUEADO<br \/>\n\u2022 JUAN COLORADO<br \/>\n\u2022 JURAME<\/p>\n<h3 class=\"widget-title\">L<\/h3>\n<p>\u2022 LA BAMBA<br \/>\n\u2022 LA BARCA<br \/>\n\u2022 LA BIKINA<br \/>\n\u2022 LA CHANCLA<br \/>\n\u2022 LA CULEBRA (SON JALISCIENSE)<br \/>\n\u2022 LA DIFERENCIA<br \/>\n\u2022 LA DEL MO\u00d1O COLORADO<br \/>\n\u2022 LA ESTRELLA<br \/>\n\u2022 LA FERIA DE LAS FLORES<br \/>\n\u2022 LA GLORIA ERES TU<br \/>\n\u2022 LA LEY DEL MONTE<br \/>\n\u2022 LA MADRUGADA<br \/>\n\u2022 LA MALAGUE\u00d1A<br \/>\n\u2022 LA MANO DE DIOS<br \/>\n\u2022 LA MARCHA DE ZACATECAS<br \/>\n\u2022 LA MEDIA VUELTA<br \/>\n\u2022 LA MENTIRA (SE TE OLVIDA)<br \/>\n\u2022 LA MISMA<br \/>\n\u2022 LA MUERTE DE UN GALLERO<br \/>\n\u2022 LA NEGRA NOCHE<br \/>\n\u2022 LA NEGRA TOMASA<br \/>\n\u2022 LA PUERTA NEGRA<br \/>\n\u2022 LA QUE SEA<br \/>\n\u2022 LA RONDALLA<br \/>\n\u2022 LA VERDOLAGA<br \/>\n\u2022 LAMPARA SIN LUZ<br \/>\n\u2022 LAS ALTE\u00d1ITAS<br \/>\n\u2022 LAS BICICLETAS<br \/>\n\u2022 LAS BODAS DE LUIS ALONSO<br \/>\n\u2022 LAS BOTAS DE CHARRO<br \/>\n\u2022 LAS CIUDADES<br \/>\n\u2022 LAS CORONELAS<br \/>\n\u2022 LAS GOLONDRINAS<br \/>\n\u2022 LAS ISABELES<br \/>\n\u2022 LAS LLAVES DE MI ALMA<br \/>\n\u2022 LAS MA\u00d1ANITAS<br \/>\n\u2022 LAS PERLITAS<br \/>\n\u2022 LAS REJAS NO MATAN<br \/>\n\u2022 LASTIMA QUE SEAS AJENA<br \/>\n\u2022 LE\u00d1A DE PIRUL<br \/>\n\u2022 LIBRO ABIERTO<br \/>\n\u2022 LLAMARADA<br \/>\n\u2022 LOS LAURELES<br \/>\n\u2022 LUNA DE OCTUBRE<br \/>\n\u2022 LUZ DE LUNA<\/p>\n<h3 class=\"widget-title\">M<\/h3>\n<p>\u2022 MALAGUENA<br \/>\n\u2022 MARTHA<br \/>\n\u2022 MATALAS<br \/>\n\u2022 MEXICO EN POLKA<br \/>\n\u2022 MEXICO LINDO Y QUERIDO<br \/>\n\u2022 MI CARI\u00d1ITO<br \/>\n\u2022 MI CIUDAD<br \/>\n\u2022 MI GUSTO ES<br \/>\n\u2022 MI LINDA ESPOSA<br \/>\n\u2022 MI RANCHITO<br \/>\n\u2022 MI VIEJO<br \/>\n\u2022 MIA<br \/>\n\u2022 MIL VIOLINES<br \/>\n\u2022 MITAD TU, MITAD YO<br \/>\n\u2022 MOLIENDO CAFE<br \/>\n\u2022 MORENITA MIA<br \/>\n\u2022 MUCHO CORAZON<br \/>\n\u2022 MUJER<br \/>\n\u2022 MUJERES DIVINAS<\/p>\n<h3 class=\"widget-title\">N<\/h3>\n<p>\u2022 NEGRA CONSENTIDA<br \/>\n\u2022 NEREIDAS<br \/>\n\u2022 NO SOY MONEDITA DE ORO<br \/>\n\u2022 NO VOLVERE<br \/>\n\u2022 NOBLEZA<br \/>\n\u2022 NOS ESTORBO LA ROPA<br \/>\n\u2022 NOSOTROS<br \/>\n\u2022 NOVIA MIA<br \/>\n\u2022 NOVILLERO<br \/>\n\u2022 NUBE VIAJERA<br \/>\n\u2022 NUESTRO JURAMENTO<\/p>\n<h3 class=\"widget-title\">O<\/h3>\n<p>\u2022 OJITOS TRAIDORES<br \/>\n\u2022 OJOS CAFES<br \/>\n\u2022 OJOS ESPA\u00d1OLES<br \/>\n\u2022 OJOS TAPATIOS<\/p>\n<h3 class=\"widget-title\">P<\/h3>\n<p>\u2022 PA\u2019 TODO EL A\u00d1O<br \/>\n\u2022 PALOMA NEGRA<br \/>\n\u2022 PALOMA QUERIDA<br \/>\n\u2022 PARECE QUE FUE AYER<br \/>\n\u2022 PAYASO<br \/>\n\u2022 PELEA DE GALLOS<br \/>\n\u2022 PEREGRINA<br \/>\n\u2022 PERFUME DE GARDENIAS<br \/>\n\u2022 POR MUJERES COMO TU<br \/>\n\u2022 POR TU MALDITO AMOR<br \/>\n\u2022 POR UN AMOR<br \/>\n\u2022 PU\u00d1ALADA TRAPERA<br \/>\n\u2022 PURO CACHANILLA<\/p>\n<h3 class=\"widget-title\">Q<\/h3>\n<p>\u2022 QUE BONITO AMOR<br \/>\n\u2022 QUE CHULA ES PUEBLA<br \/>\n\u2022 QUE DE RARO TIENE<br \/>\n\u2022 QUE LINDO ES MICHOACAN<br \/>\n\u2022 QUE MANERA DE PERDER<br \/>\n\u2022 QUE NO QUEDE HUELLA<br \/>\n\u2022 QUE SEAS FELIZ<br \/>\n\u2022 QUE SEPAN TODOS<br \/>\n\u2022 QUE TE VAYA BONITO<br \/>\n\u2022 QUIERO ABRAZARTE TANTO<\/p>\n<h3 class=\"widget-title\">R<\/h3>\n<p>\u2022 REINA MIA<br \/>\n\u2022 RENUNCIACION<br \/>\n\u2022 ROSITA ALVIREZ<\/p>\n<h3 class=\"widget-title\">S<\/h3>\n<p>\u2022 SABES UNA COSA<br \/>\n\u2022 SABOR A MI<br \/>\n\u2022 SAN LUIS POTOSI<br \/>\n\u2022 SERENATA HUASTECA<br \/>\n\u2022 SERENATA SI N LUNA<br \/>\n\u2022 SERGIO EL BAILADOR<br \/>\n\u2022 SI DIOS ME QUITA LA VIDA<br \/>\n\u2022 SI NO TE QUISIERA<br \/>\n\u2022 SI NOS DEJAN<br \/>\n\u2022 SIEMPRE VIVA<br \/>\n\u2022 SILVERIO<br \/>\n\u2022 SIMON BLANCO<br \/>\n\u2022 SIN TI<br \/>\n\u2022 SOBRE LAS OLAS<br \/>\n\u2022 SOLAMENTE UNA VEZ<br \/>\n\u2022 SOMBRAS<br \/>\n\u2022 SOMOS NOVIOS<\/p>\n<h3 class=\"widget-title\">T<\/h3>\n<p>\u2022 TAMPICO HERMOSO<br \/>\n\u2022 TE QUIERO DIJISTE<br \/>\n\u2022 TE SOLTE LA RIENDA<br \/>\n\u2022 TODA UNA VIDA<br \/>\n\u2022 TRES REGALOS<br \/>\n\u2022 TRISTES RECUERDOS<br \/>\n\u2022 TU ENAMORADO<br \/>\n\u2022 TU INGRATITUD<br \/>\n\u2022 TU SOLO TU<br \/>\n\u2022 TU VOZ<\/p>\n<h3 class=\"widget-title\">U<\/h3>\n<p>\u2022 UN MOTIVO<br \/>\n\u2022 UN MUNDO RARO<br \/>\n\u2022 UN PU\u00d1O DE TIERRA<br \/>\n\u2022 UNA AVENTURA<br \/>\n\u2022 URGE<br \/>\n\u2022 USTED<\/p>\n<h3 class=\"widget-title\">V<\/h3>\n<p><strong>\u2022 VALENTE QUINTERO<br \/>\n\u2022 VALENTIN DE LA SIERRA<br \/>\n\u2022 VERACRUZ<br \/>\n\u2022 VIVA MEXICO<br \/>\n\u2022 VOLVER, VOLVER<br \/>\n<\/strong><\/p>\n<h3 class=\"widget-title\">Y<\/h3>\n<p>\u2022 YO NO FUI<br \/>\n\u2022 YO QUIERO SER<\/p>\n","protected":false},"excerpt":{"rendered":"<p>Contamos con un extenso repertorio ideal para cada ocasi\u00f3n. A continuaci\u00f3n le hacemos menci\u00f3n algunas canciones que est\u00e1n dentro de nuestro amplio repertorio: A \u2022 A MI MANERA \u2022 A PESAR DE TODO \u2022 ACA ENTRE NOS \u2022 AIRES DEL MAYAB \u2022 ALEJANDRA \u2022 ALBUR DE AMOR \u2022 ALLA EN EL RANCHO GRANDE \u2022 ALMA [&hellip;]<\/p>\n","protected":false},"author":1,"featured_media":0,"parent":0,"menu_order":0,"comment_status":"closed","ping_status":"closed","template":"","meta":{"ngg_post_thumbnail":0,"jetpack_post_was_ever_published":false,"footnotes":""},"class_list":["post-219","page","type-page","status-publish","hentry"],"aioseo_notices":[],"jetpack_sharing_enabled":true,"jetpack_shortlink":"https:\/\/wp.me\/P9kFa9-3x","jetpack_likes_enabled":true,"jetpack-related-posts":[],"_links":{"self":[{"href":"https:\/\/mariachius.com\/index.php?rest_route=\/wp\/v2\/pages\/219","targetHints":{"allow":["GET"]}}],"collection":[{"href":"https:\/\/mariachius.com\/index.php?rest_route=\/wp\/v2\/pages"}],"about":[{"href":"https:\/\/mariachius.com\/index.php?rest_route=\/wp\/v2\/types\/page"}],"author":[{"embeddable":true,"href":"https:\/\/mariachius.com\/index.php?rest_route=\/wp\/v2\/users\/1"}],"replies":[{"embeddable":true,"href":"https:\/\/mariachius.com\/index.php?rest_route=%2Fwp%2Fv2%2Fcomments&post=219"}],"version-history":[{"count":7,"href":"https:\/\/mariachius.com\/index.php?rest_route=\/wp\/v2\/pages\/219\/revisions"}],"predecessor-version":[{"id":256,"href":"https:\/\/mariachius.com\/index.php?rest_route=\/wp\/v2\/pages\/219\/revisions\/256"}],"wp:attachment":[{"href":"https:\/\/mariachius.com\/index.php?rest_route=%2Fwp%2Fv2%2Fmedia&parent=219"}],"curies":[{"name":"wp","href":"https:\/\/api.w.org\/{rel}","templated":true}]}}